{"id":470,"date":"2026-04-22T10:21:35","date_gmt":"2026-04-22T10:21:35","guid":{"rendered":"https:\/\/sleepy-shannon.217-71-207-226.plesk.page\/?product=teoria-del-color-digital"},"modified":"2026-04-22T10:21:35","modified_gmt":"2026-04-22T10:21:35","slug":"teoria-del-color-digital","status":"publish","type":"product","link":"https:\/\/sleepy-shannon.217-71-207-226.plesk.page\/?product=teoria-del-color-digital","title":{"rendered":"Teor\u00eda del color &#8211; DIGITAL"},"content":{"rendered":"<p dir=\"ltr\" style=\"line-height:1.44;background-color:#ffffff;margin-top:0pt;margin-bottom:0pt;\"><strong><span style=\"font-size:10.5pt;font-family:Poppins, sans-serif;color:#222222;vertical-align:baseline;white-space:pre-wrap;\">Descarga digital de archivo PDF.<\/span><\/strong><\/p>\n<p dir=\"ltr\" style=\"line-height:1.44;background-color:#ffffff;margin-top:0pt;margin-bottom:0pt;\"><span style=\"font-size:10.5pt;font-family:Poppins, sans-serif;color:#222222;background-color:transparent;font-weight:400;font-style:normal;font-variant:normal;text-decoration:none;vertical-align:baseline;white-space:pre-wrap;\">\u00a0<br \/><\/span><\/p>\n<p dir=\"ltr\" style=\"line-height:1.44;background-color:#ffffff;margin-top:0pt;margin-bottom:0pt;\"><span style=\"font-size:10.5pt;font-family:Poppins, sans-serif;color:#222222;background-color:transparent;font-weight:400;font-style:normal;font-variant:normal;text-decoration:none;vertical-align:baseline;white-space:pre-wrap;\">Infograf\u00eda en versi\u00f3n digital sobre la teor\u00eda del color: modelos, armon\u00edas, percepci\u00f3n, propiedades y ruedas crom\u00e1ticas a lo largo de la historia del arte.<\/span><\/p>\n<p dir=\"ltr\" style=\"line-height:1.44;background-color:#ffffff;margin-top:0pt;margin-bottom:0pt;\"><span style=\"font-size:10.5pt;font-family:Poppins, sans-serif;color:#222222;background-color:transparent;font-weight:400;font-style:normal;font-variant:normal;text-decoration:none;vertical-align:baseline;white-space:pre-wrap;\">\u00a0<\/span><\/p>\n<p dir=\"ltr\" style=\"line-height:1.44;background-color:#ffffff;margin-top:0pt;margin-bottom:0pt;\"><span style=\"font-size:10.5pt;font-family:Poppins, sans-serif;color:#222222;background-color:transparent;font-weight:400;font-style:normal;font-variant:normal;text-decoration:none;vertical-align:baseline;white-space:pre-wrap;\">Archivo PDF<\/span><\/p>\n<p dir=\"ltr\" style=\"line-height:1.44;background-color:#ffffff;margin-top:0pt;margin-bottom:0pt;\"><span style=\"font-size:10.5pt;font-family:Poppins, sans-serif;color:#222222;background-color:transparent;font-weight:400;font-style:normal;font-variant:normal;text-decoration:none;vertical-align:baseline;white-space:pre-wrap;\">Modo de color CMYK<\/span><\/p>\n<p dir=\"ltr\" style=\"line-height:1.44;background-color:#ffffff;margin-top:0pt;margin-bottom:0pt;\"><span style=\"font-size:10.5pt;font-family:Poppins, sans-serif;color:#222222;background-color:transparent;font-weight:400;font-style:normal;font-variant:normal;text-decoration:none;vertical-align:baseline;white-space:pre-wrap;\">300 ppp. 658 x 470 mm<\/span><\/p>\n<p dir=\"ltr\" style=\"line-height:1.44;background-color:#ffffff;margin-top:0pt;margin-bottom:0pt;\"><span style=\"font-size:10.5pt;font-family:Poppins, sans-serif;color:#222222;background-color:transparent;font-weight:400;font-style:normal;font-variant:normal;text-decoration:none;vertical-align:baseline;white-space:pre-wrap;\">\u00a0<\/span><\/p>\n<p dir=\"ltr\" style=\"line-height:1.44;background-color:#ffffff;margin-top:0pt;margin-bottom:0pt;\"><span style=\"font-size:10.5pt;font-family:Poppins, sans-serif;color:#222222;background-color:transparent;font-weight:400;font-style:normal;font-variant:normal;text-decoration:none;vertical-align:baseline;white-space:pre-wrap;\">Descarga digital de archivo PDF. Este archivo NO es editable y est\u00e1 protegido con contrase\u00f1a. No se permite su reproducci\u00f3n para fines comerciales y su descarga es para uso invidual. Puedes exportarlo a diferentes formatos (.jpg, .png, etc) o imprimirlo sin problema \ud83d\ude42<\/span><\/p>\n<p dir=\"ltr\" style=\"line-height:1.44;background-color:#ffffff;margin-top:0pt;margin-bottom:0pt;\"><span style=\"font-size:10.5pt;font-family:Poppins, sans-serif;color:#222222;background-color:transparent;font-weight:400;font-style:normal;font-variant:normal;text-decoration:none;vertical-align:baseline;white-space:pre-wrap;\"><\/span><\/p>\n<p dir=\"ltr\" style=\"line-height:1.44;background-color:#ffffff;margin-top:0pt;margin-bottom:0pt;\"><span style=\"font-size:10.5pt;font-family:Poppins, sans-serif;color:#222222;background-color:transparent;font-weight:400;font-style:normal;font-variant:normal;text-decoration:none;vertical-align:baseline;white-space:pre-wrap;\">En caso de alg\u00fan tipo de incidencia, contacta con: albaricoque.info@gmail.com<\/span><\/p>\n<p dir=\"ltr\" style=\"line-height:1.44;background-color:#ffffff;margin-top:0pt;margin-bottom:0pt;\"><span style=\"font-size:10.5pt;font-family:Poppins, sans-serif;color:#222222;background-color:transparent;font-weight:400;font-style:normal;font-variant:normal;text-decoration:none;vertical-align:baseline;white-space:pre-wrap;\"><\/span><\/p>\n<p dir=\"ltr\" style=\"line-height:1.44;background-color:#ffffff;margin-top:0pt;margin-bottom:0pt;\"><span style=\"font-size:10.5pt;font-family:Poppins, sans-serif;color:#222222;background-color:transparent;font-weight:400;font-style:normal;font-variant:normal;text-decoration:none;vertical-align:baseline;white-space:pre-wrap;\"><\/span><\/p>\n","protected":false},"excerpt":{"rendered":"<p>Descarga digital de archivo PDF. \u00a0 Infograf\u00eda en versi\u00f3n digital sobre la teor\u00eda del color: modelos, armon\u00edas, percepci\u00f3n, propiedades y ruedas crom\u00e1ticas a lo largo de la historia del arte. \u00a0 Archivo PDF Modo de color CMYK 300 ppp. 658 x 470 mm \u00a0 Descarga digital de archivo PDF. Este archivo NO es editable y [&hellip;]<\/p>\n","protected":false},"featured_media":469,"comment_status":"open","ping_status":"closed","template":"","meta":[],"product_brand":[],"product_cat":[39],"product_tag":[],"class_list":{"0":"post-470","1":"product","2":"type-product","3":"status-publish","4":"has-post-thumbnail","6":"product_cat-descargas-digitales","8":"first","9":"instock","10":"shipping-taxable","11":"purchasable","12":"product-type-simple"},"yoast_head":"<!-- This site is optimized with the Yoast SEO plugin v27.0 - https:\/\/yoast.com\/product\/yoast-seo-wordpress\/ -->\n<title>Teor\u00eda del color - DIGITAL - Alba Cantalapiedra<\/title>\n<meta name=\"robots\" content=\"index, follow, max-snippet:-1, max-image-preview:large, max-video-preview:-1\" \/>\n<link rel=\"canonical\" href=\"https:\/\/sleepy-shannon.217-71-207-226.plesk.page\/?product=teoria-del-color-digital\" \/>\n<meta property=\"og:locale\" content=\"es_ES\" \/>\n<meta property=\"og:type\" content=\"article\" \/>\n<meta property=\"og:title\" content=\"Teor\u00eda del color - DIGITAL - Alba Cantalapiedra\" \/>\n<meta property=\"og:description\" content=\"Descarga digital de archivo PDF. \u00a0 Infograf\u00eda en versi\u00f3n digital sobre la teor\u00eda del color: modelos, armon\u00edas, percepci\u00f3n, propiedades y ruedas crom\u00e1ticas a lo largo de la historia del arte. \u00a0 Archivo PDF Modo de color CMYK 300 ppp. 658 x 470 mm \u00a0 Descarga digital de archivo PDF. Este archivo NO es editable y [&hellip;]\" \/>\n<meta property=\"og:url\" content=\"https:\/\/sleepy-shannon.217-71-207-226.plesk.page\/?product=teoria-del-color-digital\" \/>\n<meta property=\"og:site_name\" content=\"Alba Cantalapiedra\" \/>\n<meta name=\"twitter:card\" content=\"summary_large_image\" \/>\n<meta name=\"twitter:label1\" content=\"Tiempo de lectura\" \/>\n\t<meta name=\"twitter:data1\" content=\"1 minuto\" \/>\n<script type=\"application\/ld+json\" class=\"yoast-schema-graph\">{\"@context\":\"https:\/\/schema.org\",\"@graph\":[{\"@type\":\"WebPage\",\"@id\":\"https:\/\/sleepy-shannon.217-71-207-226.plesk.page\/?product=teoria-del-color-digital\",\"url\":\"https:\/\/sleepy-shannon.217-71-207-226.plesk.page\/?product=teoria-del-color-digital\",\"name\":\"Teor\u00eda del color - DIGITAL - Alba Cantalapiedra\",\"isPartOf\":{\"@id\":\"https:\/\/sleepy-shannon.217-71-207-226.plesk.page\/#website\"},\"primaryImageOfPage\":{\"@id\":\"https:\/\/sleepy-shannon.217-71-207-226.plesk.page\/?product=teoria-del-color-digital#primaryimage\"},\"image\":{\"@id\":\"https:\/\/sleepy-shannon.217-71-207-226.plesk.page\/?product=teoria-del-color-digital#primaryimage\"},\"thumbnailUrl\":\"https:\/\/sleepy-shannon.217-71-207-226.plesk.page\/wp-content\/uploads\/2026\/04\/poster-teoria-del-color-digital.jpg\",\"datePublished\":\"2026-04-22T10:21:35+00:00\",\"breadcrumb\":{\"@id\":\"https:\/\/sleepy-shannon.217-71-207-226.plesk.page\/?product=teoria-del-color-digital#breadcrumb\"},\"inLanguage\":\"es\",\"potentialAction\":[{\"@type\":\"ReadAction\",\"target\":[\"https:\/\/sleepy-shannon.217-71-207-226.plesk.page\/?product=teoria-del-color-digital\"]}]},{\"@type\":\"ImageObject\",\"inLanguage\":\"es\",\"@id\":\"https:\/\/sleepy-shannon.217-71-207-226.plesk.page\/?product=teoria-del-color-digital#primaryimage\",\"url\":\"https:\/\/sleepy-shannon.217-71-207-226.plesk.page\/wp-content\/uploads\/2026\/04\/poster-teoria-del-color-digital.jpg\",\"contentUrl\":\"https:\/\/sleepy-shannon.217-71-207-226.plesk.page\/wp-content\/uploads\/2026\/04\/poster-teoria-del-color-digital.jpg\",\"width\":2500,\"height\":1786},{\"@type\":\"BreadcrumbList\",\"@id\":\"https:\/\/sleepy-shannon.217-71-207-226.plesk.page\/?product=teoria-del-color-digital#breadcrumb\",\"itemListElement\":[{\"@type\":\"ListItem\",\"position\":1,\"name\":\"Portada\",\"item\":\"https:\/\/sleepy-shannon.217-71-207-226.plesk.page\/\"},{\"@type\":\"ListItem\",\"position\":2,\"name\":\"Tienda\",\"item\":\"https:\/\/sleepy-shannon.217-71-207-226.plesk.page\/?page_id=7\"},{\"@type\":\"ListItem\",\"position\":3,\"name\":\"Teor\u00eda del color &#8211; DIGITAL\"}]},{\"@type\":\"WebSite\",\"@id\":\"https:\/\/sleepy-shannon.217-71-207-226.plesk.page\/#website\",\"url\":\"https:\/\/sleepy-shannon.217-71-207-226.plesk.page\/\",\"name\":\"Alba Cantalapiedra\",\"description\":\"Tienda online de impresi\u00f3n gr\u00e1fica y bisuter\u00eda\",\"publisher\":{\"@id\":\"https:\/\/sleepy-shannon.217-71-207-226.plesk.page\/#organization\"},\"potentialAction\":[{\"@type\":\"SearchAction\",\"target\":{\"@type\":\"EntryPoint\",\"urlTemplate\":\"https:\/\/sleepy-shannon.217-71-207-226.plesk.page\/?s={search_term_string}\"},\"query-input\":{\"@type\":\"PropertyValueSpecification\",\"valueRequired\":true,\"valueName\":\"search_term_string\"}}],\"inLanguage\":\"es\"},{\"@type\":\"Organization\",\"@id\":\"https:\/\/sleepy-shannon.217-71-207-226.plesk.page\/#organization\",\"name\":\"Alba Cantalapiedra\",\"url\":\"https:\/\/sleepy-shannon.217-71-207-226.plesk.page\/\",\"logo\":{\"@type\":\"ImageObject\",\"inLanguage\":\"es\",\"@id\":\"https:\/\/sleepy-shannon.217-71-207-226.plesk.page\/#\/schema\/logo\/image\/\",\"url\":\"https:\/\/sleepy-shannon.217-71-207-226.plesk.page\/wp-content\/uploads\/2026\/02\/Alba-Cantalapiedra.png\",\"contentUrl\":\"https:\/\/sleepy-shannon.217-71-207-226.plesk.page\/wp-content\/uploads\/2026\/02\/Alba-Cantalapiedra.png\",\"width\":1182,\"height\":238,\"caption\":\"Alba Cantalapiedra\"},\"image\":{\"@id\":\"https:\/\/sleepy-shannon.217-71-207-226.plesk.page\/#\/schema\/logo\/image\/\"}}]}<\/script>\n<!-- \/ Yoast SEO plugin. -->","yoast_head_json":{"title":"Teor\u00eda del color - DIGITAL - Alba Cantalapiedra","robots":{"index":"index","follow":"follow","max-snippet":"max-snippet:-1","max-image-preview":"max-image-preview:large","max-video-preview":"max-video-preview:-1"},"canonical":"https:\/\/sleepy-shannon.217-71-207-226.plesk.page\/?product=teoria-del-color-digital","og_locale":"es_ES","og_type":"article","og_title":"Teor\u00eda del color - DIGITAL - Alba Cantalapiedra","og_description":"Descarga digital de archivo PDF. \u00a0 Infograf\u00eda en versi\u00f3n digital sobre la teor\u00eda del color: modelos, armon\u00edas, percepci\u00f3n, propiedades y ruedas crom\u00e1ticas a lo largo de la historia del arte. \u00a0 Archivo PDF Modo de color CMYK 300 ppp. 658 x 470 mm \u00a0 Descarga digital de archivo PDF. Este archivo NO es editable y [&hellip;]","og_url":"https:\/\/sleepy-shannon.217-71-207-226.plesk.page\/?product=teoria-del-color-digital","og_site_name":"Alba Cantalapiedra","twitter_card":"summary_large_image","twitter_misc":{"Tiempo de lectura":"1 minuto"},"schema":{"@context":"https:\/\/schema.org","@graph":[{"@type":"WebPage","@id":"https:\/\/sleepy-shannon.217-71-207-226.plesk.page\/?product=teoria-del-color-digital","url":"https:\/\/sleepy-shannon.217-71-207-226.plesk.page\/?product=teoria-del-color-digital","name":"Teor\u00eda del color - DIGITAL - Alba Cantalapiedra","isPartOf":{"@id":"https:\/\/sleepy-shannon.217-71-207-226.plesk.page\/#website"},"primaryImageOfPage":{"@id":"https:\/\/sleepy-shannon.217-71-207-226.plesk.page\/?product=teoria-del-color-digital#primaryimage"},"image":{"@id":"https:\/\/sleepy-shannon.217-71-207-226.plesk.page\/?product=teoria-del-color-digital#primaryimage"},"thumbnailUrl":"https:\/\/sleepy-shannon.217-71-207-226.plesk.page\/wp-content\/uploads\/2026\/04\/poster-teoria-del-color-digital.jpg","datePublished":"2026-04-22T10:21:35+00:00","breadcrumb":{"@id":"https:\/\/sleepy-shannon.217-71-207-226.plesk.page\/?product=teoria-del-color-digital#breadcrumb"},"inLanguage":"es","potentialAction":[{"@type":"ReadAction","target":["https:\/\/sleepy-shannon.217-71-207-226.plesk.page\/?product=teoria-del-color-digital"]}]},{"@type":"ImageObject","inLanguage":"es","@id":"https:\/\/sleepy-shannon.217-71-207-226.plesk.page\/?product=teoria-del-color-digital#primaryimage","url":"https:\/\/sleepy-shannon.217-71-207-226.plesk.page\/wp-content\/uploads\/2026\/04\/poster-teoria-del-color-digital.jpg","contentUrl":"https:\/\/sleepy-shannon.217-71-207-226.plesk.page\/wp-content\/uploads\/2026\/04\/poster-teoria-del-color-digital.jpg","width":2500,"height":1786},{"@type":"BreadcrumbList","@id":"https:\/\/sleepy-shannon.217-71-207-226.plesk.page\/?product=teoria-del-color-digital#breadcrumb","itemListElement":[{"@type":"ListItem","position":1,"name":"Portada","item":"https:\/\/sleepy-shannon.217-71-207-226.plesk.page\/"},{"@type":"ListItem","position":2,"name":"Tienda","item":"https:\/\/sleepy-shannon.217-71-207-226.plesk.page\/?page_id=7"},{"@type":"ListItem","position":3,"name":"Teor\u00eda del color &#8211; DIGITAL"}]},{"@type":"WebSite","@id":"https:\/\/sleepy-shannon.217-71-207-226.plesk.page\/#website","url":"https:\/\/sleepy-shannon.217-71-207-226.plesk.page\/","name":"Alba Cantalapiedra","description":"Tienda online de impresi\u00f3n gr\u00e1fica y bisuter\u00eda","publisher":{"@id":"https:\/\/sleepy-shannon.217-71-207-226.plesk.page\/#organization"},"potentialAction":[{"@type":"SearchAction","target":{"@type":"EntryPoint","urlTemplate":"https:\/\/sleepy-shannon.217-71-207-226.plesk.page\/?s={search_term_string}"},"query-input":{"@type":"PropertyValueSpecification","valueRequired":true,"valueName":"search_term_string"}}],"inLanguage":"es"},{"@type":"Organization","@id":"https:\/\/sleepy-shannon.217-71-207-226.plesk.page\/#organization","name":"Alba Cantalapiedra","url":"https:\/\/sleepy-shannon.217-71-207-226.plesk.page\/","logo":{"@type":"ImageObject","inLanguage":"es","@id":"https:\/\/sleepy-shannon.217-71-207-226.plesk.page\/#\/schema\/logo\/image\/","url":"https:\/\/sleepy-shannon.217-71-207-226.plesk.page\/wp-content\/uploads\/2026\/02\/Alba-Cantalapiedra.png","contentUrl":"https:\/\/sleepy-shannon.217-71-207-226.plesk.page\/wp-content\/uploads\/2026\/02\/Alba-Cantalapiedra.png","width":1182,"height":238,"caption":"Alba Cantalapiedra"},"image":{"@id":"https:\/\/sleepy-shannon.217-71-207-226.plesk.page\/#\/schema\/logo\/image\/"}}]}},"_links":{"self":[{"href":"https:\/\/sleepy-shannon.217-71-207-226.plesk.page\/index.php?rest_route=\/wp\/v2\/product\/470","targetHints":{"allow":["GET"]}}],"collection":[{"href":"https:\/\/sleepy-shannon.217-71-207-226.plesk.page\/index.php?rest_route=\/wp\/v2\/product"}],"about":[{"href":"https:\/\/sleepy-shannon.217-71-207-226.plesk.page\/index.php?rest_route=\/wp\/v2\/types\/product"}],"replies":[{"embeddable":true,"href":"https:\/\/sleepy-shannon.217-71-207-226.plesk.page\/index.php?rest_route=%2Fwp%2Fv2%2Fcomments&post=470"}],"wp:featuredmedia":[{"embeddable":true,"href":"https:\/\/sleepy-shannon.217-71-207-226.plesk.page\/index.php?rest_route=\/wp\/v2\/media\/469"}],"wp:attachment":[{"href":"https:\/\/sleepy-shannon.217-71-207-226.plesk.page\/index.php?rest_route=%2Fwp%2Fv2%2Fmedia&parent=470"}],"wp:term":[{"taxonomy":"product_brand","embeddable":true,"href":"https:\/\/sleepy-shannon.217-71-207-226.plesk.page\/index.php?rest_route=%2Fwp%2Fv2%2Fproduct_brand&post=470"},{"taxonomy":"product_cat","embeddable":true,"href":"https:\/\/sleepy-shannon.217-71-207-226.plesk.page\/index.php?rest_route=%2Fwp%2Fv2%2Fproduct_cat&post=470"},{"taxonomy":"product_tag","embeddable":true,"href":"https:\/\/sleepy-shannon.217-71-207-226.plesk.page\/index.php?rest_route=%2Fwp%2Fv2%2Fproduct_tag&post=470"}],"curies":[{"name":"wp","href":"https:\/\/api.w.org\/{rel}","templated":true}]}}